c
In base 9, what is -34 - -4?
-30
In base 2, what is 11000000101 - 10?
11000000011
In base 15, what is -1d + 52?
34
In base 3, what is -1 - 20?
-21
In base 16, what is -15ff - 5?
-1604
In base 6, what is 1543 - 3?
1540
In base 3, what is 12 + 2200?
2212
In base 12, what is 216 + -5?
211
In base 15, what is -4 + 16?
12
In base 13, what is -4 - 1154?
-1158
In base 11, what is -4 - 4478?
-4481
In base 8, what is -2 - 163?
-165
In base 15, what is e + -e?
0
In base 4, what is -2030 - 10?
-2100
In base 5, what is 3 + -102100?
-102042
In base 9, what is 14 + 10?
24
In base 9, what is -477 + 1?
-476
In base 11, what is 5 + 1479?
1483
In base 14, what is 2 + -c?
-a
In base 3, what is -10110 - 1020?
-11200
In base 4, what is 101310 - 2?
101302
In base 7, what is 41 + -36?
2
In base 15, what is -6 + -22a?
-231
In base 14, what is -4 - 2c?
-32
In base 3, what is -111 + 11000?
10112
In base 5, what is -31420 - 3?
-31423
In base 13, what is -5 - -238?
233
In base 13, what is -8b - -2?
-89
In base 16, what is d8 + 8?
e0
In base 7, what is -5 + -416?
-424
In base 5, what is 4 + -21432?
-21423
In base 9, what is -3 - 34?
-37
In base 8, what is 4 - -257?
263
In base 5, what is -14443 + 4?
-14434
In base 10, what is -105 + 0?
-105
In base 6, what is -5 + 211?
202
In base 6, what is -4 + -3303?
-3311
In base 6, what is 12 - -4?
20
In base 13, what is 1004 - 1?
1003
In base 16, what is -4022 + 3?
-401f
In base 11, what is 42 + -1?
41
In base 8, what is 0 + -1712?
-1712
In base 12, what is 766 + 1?
767
In base 7, what is -41 + 103?
32
In base 14, what is -6a - a?
-76
In base 2, what is 111100110110 + 11?
111100111001
In base 6, what is 300 + -31?
225
In base 7, what is -1 + 50?
46
In base 11, what is 4 - 2022?
-2019
In base 10, what is 703 - -13?
716
In base 8, what is -523 - 4?
-527
In base 8, what is -2 - 1257?
-1261
In base 3, what is 1122 - 2010?
-111
In base 16, what is -4d68 + -4?
-4d6c
In base 5, what is -1044001 - 10?
-1044011
In base 6, what is 2133 + 4?
2141
In base 4, what is 1333 + 10?
2003
In base 14, what is -15 + 0?
-15
In base 5, what is -3 - -320?
312
In base 9, what is 8 + 1577?
1586
In base 4, what is 13 + -113330?
-113311
In base 7, what is 2 + -403?
-401
In base 15, what is 13 + -3?
10
In base 7, what is -44 - -3?
-41
In base 16, what is 114 - -2?
116
In base 14, what is -5 - 1338?
-133d
In base 10, what is 5 + 303?
308
In base 7, what is -5542 - 1?
-5543
In base 7, what is -2031 - -1?
-2030
In base 8, what is -2 + -47?
-51
In base 13, what is -2 + 47?
45
In base 7, what is -16312 + 5?
-16304
In base 8, what is -3 - 15?
-20
In base 8, what is 131 + -15?
114
In base 7, what is 1145 - -34?
1212
In base 10, what is -3 - 2742?
-2745
In base 12, what is 1300 - 4?
12b8
In base 2, what is 1000111100 + -1010?
1000110010
In base 5, what is 0 + -3?
-3
In base 16, what is -3 - f2?
-f5
In base 6, what is -1012 + -25?
-1041
In base 9, what is 47 + -8?
38
In base 5, what is 11 - 33?
-22
In base 10, what is -820 - 13?
-833
In base 6, what is -4 - 24?
-32
In base 15, what is -3 - -10?
c
In base 7, what is -15 + 11?
-4
In base 14, what is -180a - 5?
-1811
In base 6, what is -10 + 11?
1
In base 11, what is -7 + -4?
-10
In base 10, what is 0 - -244?
244
In base 2, what is -10000 + 1111?
-1
In base 4, what is 11 - -11?
22
In base 5, what is -2 + 23344?
23342
In base 5, what is -14 - -344?
330
In base 2, what is 101101011001 - 10?
101101010111
In base 10, what is 13 + 16?
29
In base 11, what is -169 + -2?
-170
In base 13, what is -15 + 91?
79
In base 14, what is -99 - 3?
-9c
In base 6, what is 1 + -401?
-400
In base 3, what is -12 - 1020?
-1102
In base 2, what is 110101110 + 101?
110110011
In base 10, what is -7 - -269?
262
In base 8, what is 2 + -21?
-17
In base 10, what is 569 - 0?
569
In base 9, what is -1 + -65?
-66
In base 8, what is 0 - 374?
-374
In base 5, what is 2 - -2301?
2303
In base 2, what is -1 - 1010110?
-1010111
In base 12, what is -2320 - 2?
-2322
In base 4, what is -1 - -203?
202
In base 16, what is -6 + 36?
30
In base 4, what is 3 - -101131?
101200
In base 14, what is -193 - -6?
-18b
In base 15, what is -43 + b2?
6e
In base 9, what is -1055 - 1?
-1056
In base 3, what is -20101111 - -1?
-20101110
In base 14, what is -31 + -2b?
-5c
In base 10, what is -82 - 3?
-85
In base 16, what is -193 - -2?
-191
In base 2, what is -101000100 + 10?
-101000010
In base 5, what is -10 + 13221?
13211
In base 12, what is 0 + 17a9?
17a9
In base 13, what is 5 + 58?
60
In base 16, what is -a - 1e?
-28
In base 5, what is 14 + 4042?
4111
In base 7, what is 6 + -3564?
-3555
In base 9, what is 88 + -4?
84
In base 12, what is -b8 + 98?
-20
In base 2, what is -10001111 - -100?
-10001011
In base 16, what is 26 + -c6?
-a0
In base 16, what is 3 + 11?
14
In base 3, what is 1 + -112?
-111
In base 5, what is -21144 + 2?
-21142
In base 7, what is 401 + -3?
365
In base 15, what is -1bc5 - 3?
-1bc8
In base 13, what is -212 + -1?
-213
In base 14, what is -1 + 214?
213
In base 9, what is -2071 - -5?
-2065
In base 3, what is -2 - -2100?
2021
In base 16, what is 2ec2 - 2?
2ec0
In base 12, what is b - -39b?
3aa
In base 14, what is 50 - -db?
14b
In base 14, what is -254 - 1?
-255
In base 3, what is 12 - 101?
-12
In base 16, what is -12 - -f?
-3
In base 12, what is -4 - -404?
400
In base 16, what is -12 + 9f?
8d
In base 12, what is -6a0 - -1?
-69b
In base 16, what is -2 - -2da?
2d8
In base 5, what is -1342 + -2?
-1344
In base 5, what is -14310 + 33?
-14222
In base 4, what is 0 - 11202?
-11202
In base 5, what is 342 - 4?
333
In base 5, what is 20 - -22?
42
In base 7, what is 53 + -166?
-113
In base 15, what is -2 - -15?
13
In base 16, what is 1 + -19?
-18
In base 11, what is 1 - -122?
123
In base 16, what is 8 - -1e?
26
In base 2, what is 100 + 110100001?
110100101
In base 14, what is -18d + 5?
-188
In base 13, what is 2 + -a2c?
-a2a
In base 12, what is 1 + -343b?
-343a
In base 15, what is 4 + 8b8?
8bc
In base 12, what is 4 + -142?
-13a
In base 15, what is 1335 + -1?
1334
In base 11, what is -1 + 17a5?
17a4
In base 6, what is -3 - -3012?
3005
In base 13, what is 1b - -3?
21
In base 3, what is -11 + 112222?
112211
In base 15, what is 114 + -1?
113
In base 7, what is -4 + -1?
-5
In base 3, what is 1002210 + 12?
1002222
In base 16, what is 2 + 251?
253
In base 2, what is -101100001 - 100?
-101100101
In base 10, what is 2 - 29?
-27
In base 3, what is -220 + 1111?
121
In base 4, what is -10 + -1221?
-1231
In base 5, what is 404 + 4?
413
In base 2, what is 110 + 10001?
10111
In base 4, what is 13 + -2312?
-2233
In base 7, what is -115413 - 5?
-115421
In base 9, what is -4360 + 0?
-4360
In base 10, what is 144 - 0?
144
In base 6, what is 141502 + -5?
141453
In base 4, what is -10123 + 2?
-10121
In base 6, what is 1 + 1345?
1350
In base 14, what is 9 - d?
-4
In base 9, what is 2 + 320?
322
In base 10, what is 12 + -49?
-37
In base 2, what is -10 - 1011?
-1101
In base 4, what is -2 - -210003?
210001
In base 14, what is 129 + 40?
169
In base 10, what is 4 - 99?
-95
In base 13, what is 23 + -1?
22
In base 9, what is -26 - -1106?
1070
In base 8, what is -65 + 115?
30
In base 3, what is -22 - -2021021?
2020222
In base 15, what is -17 + -8e?
-a6
In base 16, what is 4 + 3?
7
In base 5, what is 4 - 141?
-132
In base 15, what is -4 - c2?
-c6
In base 16, what is -d9 + -9?
-e2
In base 6, what is 33 + 14?
51
In base 3, what is 10 + 102210?
102220
In base 2, what is 0 - 111110110110?
-111110110110
In base 3, what is 122 + 2101?
10000
In base 13, what is 17 - 10?
7
In base 14, what is 2 - 8?
-6
In base 8, what is -4 + 76?
72
In base 2, what is 11001101011 - -100?
11001101111
In base 2, what is -1100 + 11011001?
11001101
In base 10, what is 227 - 3?
224
In base 6, what is -11043 - -1?
-11042
In base 9, what is -14285 + -4?
-14300
In base 13, what is -4 - -26c?
268
In base 16, what is -f + -11?
-20
In base 11, what is 10 + 205?
215
In base 10, what is 66 + -33?
33
In base 16, what is 5 + -1f?
-1a
In base 14, what is -8b54 - 3?
-8b57
In base 12, what is -7 - 2?
-9
In base 16, what is -3f - 11?
-50
In base 4, what is -1002132 - -11?
-1002121
In base 5, what is 213022 - -4?
213031
In base 6, what is -23443 - 0?
-23443
In base 5, what is -24 - -20?
-4
In base 14, what is 1 - -6?
7
In base 5, what is 0 - 1032?
-10